lculate m(49).
6
Let q(k) = -30*k - 1. Determine q(-1).
29
Let s(w) = -3*w - 86. Determine s(-28).
-2
Let f(j) = -3*j**2 + 10*j + 10. What is f(4)?
2
Let g(t) = -t**2 + 12*t - 7. What is g(12)?
-7
Let n(q) = -q**3 - 2*q**2 + 9*q + 2. What is n(-4)?
-2
Let n(b) = 5*b - 102. What is n(21)?
3
Let n(h) = -4*h - 10. Determine n(8).
-42
Let a(y) = -y**2 - 7*y + 14. Determine a(-8).
6
Let m(k) = 2*k**2 - 11*k - 2. Give m(6).
4
Let k(z) = z**3 + 13*z**2 - 66*z + 39. What is k(-17)?
5
Let w(k) = -k**3 - 6*k**2 + 10*k - 1. What is w(-5)?
-76
Let d(a) = 3*a**3 - 3*a**2 + 1. Calculate d(2).
13
Let q(g) = -g**3 + 4*g**2 - g + 2. Determine q(4).
-2
Let h(x) = 2*x**3 + 15*x**2 - 6*x - 7. What is h(-7)?
84
Let u(z) = -4*z**3 - 2*z**2 + 3*z - 8. What is u(3)?
-125
Let y(s) = 2*s - 22. Calculate y(-13).
-48
Let y(x) = -x**3 - x**2 - 3*x + 101. Determine y(0).
101
Let n(y) = -3*y**2 - 63*y + 74. Calculate n(-22).
8
Let h(l) = -l**3 + l**2 + l - 4. Calculate h(0).
-4
Let a(f) = -f**2 + 8*f + 6. Determine a(10).
-14
Let w(h) = 6*h - 10. What is w(4)?
14
Let y(j) = j - 7. Give y(3).
-4
Let n(h) = -14*h + 7. Calculate n(-3).
49
Let t(j) = j**2 - j + 1. Determine t(0).
1
Let h(b) = b**3 + 11*b**2 - 15*b - 27. Give h(-12).
9
Let f(m) = -m**3 + 5*m**2 + 2*m + 23. What is f(6)?
-1
Let s(w) = -2*w**3 + 3*w**2 + 10*w. What is s(3)?
3
Let i(c) = -2*c**3 - 10*c**2 + c + 5. Give i(-5).
0
Let a(y) = y**2 + 3*y - 8. Calculate a(-5).
2
Let i(z) = -z**3 + 4*z**2 - 4*z + 5. Determine i(2).
5
Let b(i) = -i**2 + 10*i + 9. Give b(12).
-15
Let o(t) = t**3 + 19*t**2 + 54*t + 90. Determine o(-16).
-6
Let g(j) = 3*j**2 + 56. Calculate g(0).
56
Let v(q) = -q**3 - 11*q**2 - 8*q - 21. Calculate v(-11).
67
Let k(r) = -r**3 - r + 16. Determine k(0).
16
Let z(j) = -5*j**3 + j**2 - 1. What is z(-1)?
5
Let g(i) = i**3 - 10*i**2 + 10*i - 18. What is g(9)?
-9
Let m(o) = 51*o + 225. Determine m(-5).
-30
Let u(f) = -2*f**2 - 12. What is u(-4)?
-44
Let h(a) = a**3 + 12*a**2 + 10*a - 15. Give h(-11).
-4
Let x(g) = -g**3 + 12*g**2 - 15*g - 7. Calculate x(11).
-51
Let z(m) = -2*m**2 - 29*m + 14. Determine z(-15).
-1
Let d(o) = o**2 + 69*o + 381. Calculate d(-6).
3
Let q(s) = 2*s**3 - 16*s**2 - 16*s - 2. Determine q(9).
16
Let b(o) = 2*o + 13. Give b(-11).
-9
Let w(z) = -5*z**2 + 6*z - 21. Give w(4).
-77
Let h(z) = z**2 - 3*z - 4. What is h(4)?
0
Let a(k) = -k**3 - 5*k**2 + 2*k - 5. What is a(-3)?
-29
Let q(i) = i**3 - 2*i + 7. Give q(0).
7
Let b(o) = o**3 + 8*o**2 + 7*o + 2. Calculate b(-5).
42
Let u(q) = -3*q**2 - 5*q - 8. Give u(-5).
-58
Let y(i) = 2*i - 6. Give y(7).
8
Let w(t) = 7*t - 24. Calculate w(11).
53
Let w(h) = -35*h**3 - h + 1. Give w(1).
-35
Let k(i) = -i**3 - 7*i**2 - 2*i + 5. Give k(-5).
-35
Let q(w) = w**2 + 12*w + 9. Determine q(-4).
-23
Let j(g) = -10*g - 22. Give j(-6).
38
Let n(m) = m**3 - 6*m**2 + 6*m - 2. What is n(3)?
-11
Let m(t) = -t**3 + 3*t**2 + 3*t - 1. Calculate m(3).
8
Let q(d) = -d**2 - 9*d - 17. Give q(-6).
1
Let a(v) = -v**3 - 4*v**2 + 20*v + 43. What is a(-6)?
-5
Let t(f) = 8*f + 35. Calculate t(8).
99
Let r(f) = -f**3 + 4*f**2 + 8*f - 9. Give r(5).
6
Let x(h) = -13*h - 32. Determine x(-2).
-6
Let q(n) = n**3 - 5*n**2 + 6*n - 68. What is q(6)?
4
Let s(t) = -12*t - 5. Determine s(-4).
43
Let p(b) = 11*b - 47. Calculate p(5).
8
Let n(v) = v**2 - 4*v + 3. Calculate n(3).
0
Let j(u) = -u**2 - 7*u + 29. What is j(-10)?
-1
Let q(b) = -2*b + 2. Calculate q(-2).
6
Let z(c) = 2*c**3 - 30*c**2 - 30*c - 33. Give z(16).
-1
Let x(d) = d**2 + 12*d + 34. Calculate x(-5).
-1
Let v(q) = -q**3 + 5*q**2 - 5*q - 7. Calculate v(5).
-32
Let v(u) = 17*u + 8. Give v(8).
144
Let h(v) = -5*v - 48. Determine h(-9).
-3
Let f(z) = -z**3 + 5*z**2 - 3*z + 7. Give f(5).
-8
Let m(u) = u**2 - 8*u - 18. Give m(10).
2
Let u(b) = -b**2 - 9*b - 4. Give u(-6).
14
Let y(k) = -2*k**2 + 28*k + 4. Calculate y(12).
52
Let p(u) = u**2 - 6*u - 2. Calculate p(-1).
5
Let u(j) = -7*j - 6. Calculate u(-4).
22
Let l(k) = -k**2 + 14*k + 21. Determine l(15).
6
Let z(x) = 3*x**2 - 7*x + 8. Determine z(4).
28
Let h(s) = -s + 26. Determine h(0).
26
Let a(n) = n**2 - 9*n + 11. Calculate a(9).
11
Let k(v) = -2*v**2 + 10*v + 8. What is k(6)?
-4
Let w(r) = 25*r**3 + r. Determine w(-1).
-26
Let x(q) = 3*q + 36. Determine x(-12).
0
Let v(c) = c**2 + 9*c - 8. What is v(-11)?
14
Let l(z) = 4*z + 7. Calculate l(13).
59
Let h(w) = 2*w**3 - 10*w**2 + 10*w - 19. What is h(6)?
113
Let a(i) = -2*i**2 + 14*i - 34. What is a(3)?
-10
Let p(h) = h**2 - 21*h + 4. What is p(23)?
50
Let l(w) = -5*w - 29. What is l(-6)?
1
Let h(c) = c**3 + 5*c**2 + 6*c - 4. Give h(-3).
-4
Let v(q) = 6*q**2 - 469*q + 72. Calculate v(78).
-6
Let z(g) = -g + 34. What is z(12)?
22
Let o(d) = -d**2 + d + 36. What is o(-6)?
-6
Let u(y) = 3*y + 17. Calculate u(-4).
5
Let p(t) = -59*t**3 - t**2 + 1. Calculate p(-1).
59
Let x(k) = -k**2 - 12*k - 2. Determine x(-7).
33
Let o(q) = q**3 - 17*q**2 - 21*q + 31. Give o(18).
-23
Let g(r) = -r**2 - 36*r - 69. Give g(-34).
-1
Let v(f) = 3*f**2 - 3*f + 7. What is v(4)?
43
Let l(f) = f**3 - 36*f**2 - 33*f - 132. Calculate l(37).
16
Let y(z) = z**3 - 19*z**2 - 17*z - 16. Calculate y(20).
44
Let p(i) = i**3 + 4*i**2 + 3*i + 3. Determine p(-4).
-9
Let f(m) = m**3 + 9*m**2 + 13*m + 7. What is f(-5)?
42
Let f(j) = 2*j**3 - 20*j**2 - 25*j + 42. Determine f(11).
9
Let c(b) = -b**3 + 10*b**2 + 11*b - 1. Determine c(11).
-1
Let y(p) = p**2 + p - 5. What is y(5)?
25
Let q(b) = b + 2. Determine q(-4).
-2
Let y(p) = -p**3 - 11*p**2 + 13*p + 3. What is y(-12)?
-9
Let c(w) = -w**2 - 19*w + 194. Give c(7).
12
Let r(s) = 17*s**2 + 7*s - 1. Give r(-2).
53
Let k(w) = -3*w - 7. Calculate k(-5).
8
Let k(c) = -9*c - 5. Determine k(5).
-50
Let j(h) = -h + 16. Give j(11).
5
Let g(t) = -53*t - 321. Determine g(-6).
-3
Let t(f) = f**2 - 17*f + 35. Give t(14).
-7
Let y(d) = 3*d**2 - 38*d - 56. Determine y(14).
0
Let f(i) = 2*i + 79. Calculate f(-19).
41
Let l(y) = 4*y**2 - 2*y - 2. What is l(-1)?
4
Let b(q) = -q**2 + 2*q - 9. Determine b(6).
-33
Let u(b) = 3*b**2 + 7*b + 7. Calculate u(-5).
47
Let d(v) = -9*v + 3. Determine d(2).
-15
Let f(w) = w**3 - 3*w**2 + 3*w + 1. What is f(-3)?
-62
Let s(c) = 9*c - 17. Give s(3).
10
Let g(w) = w**2 - 16*w + 64. Calculate g(8).
0
Let d(h) = h**3 - 9*h**2 + 3*h - 33. What is d(9)?
-6
Let i(a) = -a + 4. Give i(11).
-7
Let g(o) = 10*o. Calculate g(0).
0
Let l(m) = -4*m - 47. Give l(-12).
1
Let c(t) = -t**3 + 7*t**2 + 11*t - 20. Determine c(8).
4
Let b(h) = -7*h. What is b(-3)?
21
Let u(q) = 3*q**2 + 70*q - 49. Calculate u(-24).
-1
Let g(h) = 40*h + 34. Determine g(-1).
-6
Let c(u) = u**3 - 10*u**2 + 14*u - 17. Determine c(8).
-33
Let n(o) = -o**2 + 8*o. Determine n(14).
-84
Let z(u) = -6*u - 2. What is z(-8)?
46
Let z(n) = -4*n - 95. What is z(-12)?
-47
Let h(d) = -23*d - 187. Give h(-9).
20
Let m(n) = 127*n**3 - 2*n**2 - n + 1. Give m(-1).
-127
Let d(x) = -2*x + 21. Calculate d(13).
-5
Let z(t) = -20*t - 2. Determine z(0).
-2
Let f(x) = x + 8. Calculate f(9).
17
Let b(o) = -o**3 + o**2 - o - 8. Give b(-3).
31
Let a(r) = 11*r**3 - r**2 + 2. Give a(-1).
-10
Let p(c) = -c**3 - 14*c**2 - 9. Calculate p(-14).
-9
Let f(m) = 59*m + 5. Give f(-2).
-113
Let h(j) = -j**2 - j - 116. What is h(0)?
-116
Let p(q) = -q**3 - 30*q**2. Determine p(-30).
0
Let g(l) = -l**3 + 4*l**2 - 2*l - 15. Determine g(-2).
13
Let d(n) = 2*n - 18. Determine d(12).
6
Let c(b) = -b**3 - 22. Calculate c(-3).
5
Let p(o) = -o**3 + 18*o**2 - 18*o + 12. Calculate p(17).
-5
Let n(k) = k**2 - 3*k - 2. Determine n(4).
2
Let m(d) = -d**2 - 5*d - 13. Calculate m(-4).
-9
Let z(t) = -2*t**2 + 8*t + 7. Determine z(4).
7
Let u(p) = -2*p**3 - 2*p**2 + p - 1. Calculate u(-2).
5
Let g(d) = -d**3 - 8*d**2 - 16*d - 30. What is g(-6)?
-6
Let x(i) = i**3 - i**2 - 4*i - 2. What is x(0)?
-2
Let c(a) = a**2 - a + 42. Determine c(0).
42
Let w(h) = -h**2 - 7*h + 9. Determine w(-4).
21
Let y(f) = -f**3 + 5*f**2 - 9*f + 42. What is y(5)?
-3
Let l(w) = 4*w - 28. Determine l(8).
4
Let d(n) = n - 3. Determine d(12).
9
Let i(h) = -4*h - 15. Calculate i(-6).
9
Let o(h) = 7*h + 9. Determine o(-2).
-5
Let w(y) = y**2 - 33*y - 140. Calculate w(-4).
8
Let i(j) = -j**2 + 17*j - 53. Give i(6).
13
Let f(q) = -2*q**2 + 14*q - 5. Give f(7).
-5
Let r(i) = -2*i**3 + 2*i**2 - i. Calculate r(1)